me factors of n?
2, 7, 19
Let u be -6*(-4 - 3/(-2))*16. Suppose 0 = -2*h + 5*d + u, -4*h - d + 0*d + 436 = 0. List the prime factors of h.
2, 5, 11
What are the prime factors of (17760/(-45) - 15)/((-1)/3)?
1229
Let m(q) = -q**2 - 9*q + 9. Let c be m(-8). Suppose -3*s + 16 = -c. Let x = 44 - s. What are the prime factors of x?
3, 11
Let o = -15 + 20. Suppose o*k + r = -2*r - 94, 3*r = -4*k - 74. Let h = -5 - k. What are the prime factors of h?
3, 5
Suppose 78*m - 128450 = 8*m. What are the prime factors of m?
5, 367
Let m(g) = 2*g + 13. Let i be m(-6). Let o be 5/10*(-44)/i. What are the prime factors of (12/10)/(o/(-55))?
3
Let y(l) = 6*l - 3. Let j(b) = 3*b - 2. Let q(d) = -5*j(d) + 3*y(d). Suppose -2*m - m - r + 21 = 0, 6 = -2*r. List the prime factors of q(m).
5
Let o(j) = -6*j - 5. Let l be o(-3). Suppose l*v = 8*v. What are the prime factors of 0 + v/(-3) - -40?
2, 5
Suppose 5*c + 5*o = 1030, 0 = -4*c - o + 2*o + 844. List the prime factors of c.
2, 3, 5, 7
Let i(t) = 401*t - 157. List the prime factors of i(7).
2, 5, 53
Suppose -m + 4 = -2*f - 18, -3*f - 2*m = 19. Let l(z) = z**3 + 8*z**2 - 11*z. List the prime factors of l(f).
2, 3
Suppose 0 = -2*u + 2, 5*l + 4*u + 10 = 94. Let q = -7 - -7. Suppose 4*r - l = -q*r. What are the prime factors of r?
2
Let d = 27 - 3. List the prime factors of (-63)/2*d/(-18).
2, 3, 7
Let v(z) = -z**2 + 4*z - 4. Let h be v(4). Let w(j) = 3*j**2 + 2*j - 3. List the prime factors of w(h).
37
Suppose -4*c + 119 = k, 0 = -c - 3*k - 2*k + 44. List the prime factors of c.
29
Let s(y) = -15*y - 3. Let h be s(-9). Let w = 15 - 11. Suppose -5*z + 2*l + 193 = 0, 4*z - h = -0*z - w*l. List the prime factors of z.
37
Let v = -33 + 37. Suppose -2*r + 2*y = -80, 0*r - v*r - 2*y = -178. What are the prime factors of r?
43
Let q = 4 - -1. Suppose 5*n - 6*n = -92. Suppose -q*k - n = -342. What are the prime factors of k?
2, 5
What are the prime factors of 12308/51*(-156)/(-8)?
2, 13, 181
Suppose -b - 2091 = g - 6*g, -3*g + 1251 = 3*b. What are the prime factors of g?
2, 11, 19
List the prime factors of (-15)/(-20)*17876/3.
41, 109
Let p(c) = -12*c - 3. Let u(t) = t**2 - 10*t - 5. Let j be u(11). Let x be p(j). List the prime factors of x/(-2 - 1) + 0.
5
Suppose 3*h = -3*u + 282, -2*u + 5*h = -3*u + 82. Let p = u + 4. List the prime factors of p.
101
Let f = -810 + 1415. What are the prime factors of f?
5, 11
Let y = -1 + 1. Suppose -3*h = -3, 3*d + y*h + 2 = 2*h. Suppose -4*j + 236 = -d*j. List the prime factors of j.
59
Let x = 4303 - 2485. List the prime factors of x.
2, 3, 101
Let s be -3 + (131 + 4)/1. Suppose 5*r - 163 = s. List the prime factors of r.
59
Suppose 2*l + 68 + 398 = 3*m, -778 = -5*m + 2*l. What are the prime factors of m?
2, 3, 13
Let b = 16 - -79. Let u = b + 47. What are the prime factors of u?
2, 71
List the prime factors of 2815*(-3 - (-80)/25).
563
Let o be -2 + (-3 - -6) - -9. Let l(s) = s**3 - 5*s**2 + 3*s + 5. Let a be l(4). Let i = o + a. List the prime factors of i.
11
What are the prime factors of (-12)/(-44)*11*(-2467)/(-3)?
2467
Let x(p) = 4*p + 8. Let j = 27 + -42. Let l be (1/(-3))/(j/270). What are the prime factors of x(l)?
2
Let d(x) = 5*x**2 + 8*x - 9. Let s be d(-7). Let r = s + -124. List the prime factors of r.
2, 7
Suppose 5*x + 4*d = -859, -3*d = 2*x - 0*d + 345. Let l = x + 258. Suppose -8*n = -3*n - y - 145, 0 = -3*n + 3*y + l. List the prime factors of n.
29
Let r be ((-84)/9)/(4/(-6)). Suppose -d - r = d. What are the prime factors of d*((-10)/2)/1?
5, 7
Let q(m) = -4*m**3 - m**2 - m - 2. Let b be q(-2). Let p = b - -87. What are the prime factors of p?
5, 23
Suppose -4*u - 2*f = -f + 141, 0 = -5*u - 3*f - 178. Let y = -28 - u. List the prime factors of y.
7
Suppose -5*a - s = -265, -2*a - 5*s + 68 = -15. What are the prime factors of a?
2, 3
Let x(f) be the first derivative of -f**4/4 - 4*f**3/3 + 2*f**2 + 11*f + 8. What are the prime factors of x(-7)?
2, 5, 13
Suppose 13*y = 23069 + 23094. List the prime factors of y.
53, 67
Suppose 806 = 5*n - 4*n. List the prime factors of n.
2, 13, 31
Suppose -1 - 75 = -4*v. Let q = v - -88. List the prime factors of q.
107
Suppose 5*v + m - 86 = 0, 5*v + 3*m = 15 + 63. List the prime factors of 9/(v/76) + 3.
41
Let z be (-1)/7 - 160/56. Let n be (-18)/15*(-370)/z. List the prime factors of n/6*24/(-16).
37
Let p be -2*77/2*-1. Suppose -p + 23 = -b. Suppose -4*o + b = -o. What are the prime factors of o?
2, 3
Let t(l) = -l**3 - l**2 + l. Let d(w) = 3*w**3 + 10*w**2 - 3*w + 1. Let h(u) = -d(u) - 2*t(u). What are the prime factors of h(-9)?
71
Let s = -2323 + 4895. What are the prime factors of s?
2, 643
Let g(f) = 3*f**2 + 24*f + 132. What are the prime factors of g(-27)?
3, 557
Let y be 2/(-6) + 80/6. What are the prime factors of y/(-4) - (-2)/8 - -59?
2, 7
Let o(w) be the third derivative of -w**5/60 - w**4/3 + 11*w**3/6 - w**2. Let d be o(-9). What are the prime factors of 76/3 + d/(-6)?
5
Let d = -71 + 60. Let y = d - -193. List the prime factors of y.
2, 7, 13
Let c be (-4)/(-7) - (-17875)/91. Let m = 336 - c. What are the prime factors of m?
139
Suppose -5*p - 10 = 0, f - 3*p + 4 = -5*p. Suppose f*t + 576 = 4*t. Suppose 2*d - 42 = -2*v, 4 = -5*d + 2*v + t. What are the prime factors of d?
2, 13
Let a be (-5 - 12)*(4 + -3). List the prime factors of 4 - a - (-3)/(-1).
2, 3
Let z(v) = -v**3 + 4*v**2 - 2*v - 1. Let h be z(4). Let b = h - -9. Suppose y + u - 34 = b, 3*y + 2*u + 0*u = 97. List the prime factors of y.
29
Let d(n) = 0 - 2*n + 4*n**2 - 8 + 0*n**2 - 2*n**2. What are the prime factors of d(5)?
2
Suppose -5*d + m + 2 = 57, -d - 20 = -2*m. Let p be (-150)/(-5)*4/d. Let y = 23 + p. What are the prime factors of y?
11
Let n(y) be the second derivative of -y**3/6 + 2*y. Let w be n(-10). Let q = w + -7. List the prime factors of q.
3
Let m = 20 + -16. Let q(o) = 6*o - 9. Let d be q(m). Let r = d - 6. What are the prime factors of r?
3
Suppose 2*o - 4*d = -108, 0 = o - 4*d + 3*d + 56. Let b = -43 - o. What are the prime factors of b?
3, 5
Suppose -4*r = 5*f - 62, -5*f = -5*r - 4*f + 92. Suppose -r*m + 4351 = m. List the prime factors of m.
229
Let j(p) = 1738*p**2 - 63*p - 62. What are the prime factors of j(-1)?
37, 47
Suppose -1661 = -27*j + 3199. What are the prime factors of j?
2, 3, 5
Suppose 9 = 6*b - 3. Suppose 0 = b*i + i - 15. Suppose -i*d + 119 = 4*z, -2*z = -0*d - d + 21. List the prime factors of d.
23
Let t be (0 + 1)/((-2)/(-6)). Let x = 1210 - 1035. Suppose 0 = 8*v - t*v - x. List the prime factors of v.
5, 7
Let t be 1/((-1)/(-184)) - -2. Suppose 407 = 4*v - 4*h - 313, -t = -v - 2*h. What are the prime factors of v?
2, 7, 13
Suppose 12*a = 14*a. Suppose p + 2*b - 7 = a, -4*p + 4*b - 2 = 6. Let g = p - -28. List the prime factors of g.
29
Suppose -2*f = 3*f - 10. Suppose 31 = 3*p + f*p - 3*b, 5*p - 17 = -4*b. Suppose -3*l + p*x + 29 = 0, 0 = -3*x - 0 - 12. List the prime factors of l.
3
Let h be (-48)/21 + (-2)/(-7). Let n(m) = -m**2 - m - 2. Let c be n(h). List the prime factors of (6/c)/((-21)/56).
2
Let a(h) = -1 + 3*h**2 + 7*h - h**3 - h - 4 + 2. Let c be a(4). Suppose -c*v - 6 = -x + 8, x + v = 38. List the prime factors of x.
2, 17
Let f(o) = o**3 - 9*o**2 + o - 9. Let p be (-7 + 1)*9/(-6). Let c be f(p). Suppose c*b - 4*b + 80 = 0. List the prime factors of b.
2, 5
Suppose 0 = -y - j + 6*j + 4043, 2*j + 4046 = y. What are the prime factors of y?
2, 11, 23
Let w = -17 + 26. Suppose w + 16 = t. What are the prime factors of t?
5
Let h be 5 - 2 - (1 - -2). Let y(v) = -v**3 - v**2 + v + 6. Let r be y(h). Suppose j + j - r = 0. List the prime factors of j.
3
Let f(j) = 3*j. Let t be f(1). Let c = 17 - t. List the prime factors of c.
2, 7
Suppose 6*n + 156 = 3*n. Let k(c) = 8*c - 5. Let r be k(12). Let h = r + n. List the prime factors of h.
3, 13
Suppose -10*u - 11 = 3*x - 14*u, -2*u = -5*x + 5. List the prime factors of x.
3
List the prime factors of -6*(4 - 3) + 1183.
11, 107
Suppose -5*j + 687 = -338. Let t be (50 + -64)*1/(-2). Suppose 12*s = t*s + j. List the prime factors of s.
41
Let i(b) be the first derivative of b**6/180 + b**5/40 - b**4/8 + 4*b**3/3 + 4. Let n(q) be the third derivative of i(q). List the prime factors of n(-3).
2, 3
Let o(y) be the second derivative of y**3/6 - 15*y**2 + 6*y. Let q(u